(-24) - (-12594)/24.
2, 131
Let k = 80 - -6. Suppose -4*c = -5*c - k. Let z = -69 - c. What are the prime factors of z?
17
Let v = 8825 + -5450. List the prime factors of v.
3, 5
Let k = -16789 - -30674. List the prime factors of k.
5, 2777
Let o(u) = -2531*u - 25. Let x be o(6). List the prime factors of x/(-14) + (-4)/8.
2, 3, 181
Suppose 2*l + 2*x = 25588, -2*x = -2*l + x + 25598. What are the prime factors of l?
2, 7, 457
Let b(r) = 9*r + 101. Let v be b(-13). Let q(s) = 11*s**2 + 62*s - 23. List the prime factors of q(v).
1801
Let d(b) = 164*b**2 - 42*b + 55. List the prime factors of d(7).
3, 23, 113
Let b(i) be the first derivative of 2*i**3 - 5*i - 5*i**2 - 6 + 1/4*i**4. What are the prime factors of b(-7)?
2
Let i = 6025 - -5842. List the prime factors of i.
11867
Suppose -5*d = -g - 3*d - 2, -4*d + 8 = 0. Suppose -g*f - 826 = -3*v + 3*f, -f = -3*v + 842. What are the prime factors of v?
2, 3, 47
Let h = 795 - -914. Let a = h + -1110. What are the prime factors of a?
599
Suppose 4*v = 5*u + 490, 5*u - 3*u + 2*v + 214 = 0. Let s = u - -298. List the prime factors of s.
2, 7
Let k be 1 + 9/(-1) + 0 + -3. Let l(r) = 3*r**2 - 13*r - 23. Let y be l(k). Let h = -324 + y. List the prime factors of h.
3, 53
Suppose -3*o = -3020 + 146. Suppose 4*b + 4*v - 1146 = 786, -2*v = -2*b + o. What are the prime factors of b?
13, 37
Suppose 8693494 = 215*m + 176*m. What are the prime factors of m?
2, 11117
Let x = -62 - 5. Let w = 31 - x. What are the prime factors of w?
2, 7
Suppose 8952 = -480*u + 492*u. What are the prime factors of u?
2, 373
Let b be 28584/324 - (-1)/(18/(-4)). Let n = b + -98. What are the prime factors of (-51)/(-6)*n*(-90)/50?
3, 17
Let j = -12739 - -21703. What are the prime factors of j?
2, 3, 83
What are the prime factors of ((-204)/18 - 4)/((-152406)/(-30483) + -5)?
2, 23, 1129
Let k(w) = -2*w**2 + 6. Let p be k(-2). Let m(b) = -421*b - 13. List the prime factors of m(p).
829
Suppose -32*q = -39*q + 2898. What are the prime factors of q?
2, 3, 23
Let m = -34824 - -68272. What are the prime factors of m?
2, 37, 113
Let s(q) = 4*q - 6. Let z be s(2). Let h(a) = 190*a**2 + a + 3. Let m be h(z). Suppose 14*v - 11*v - m = 0. What are the prime factors of v?
3, 5, 17
Suppose -2*c - 3*a + 25 = 0, 7*c - 3*c + a = 25. What are the prime factors of (1/(c/(-888)))/((-8)/40)?
2, 3, 37
Suppose -19 = -5*w - 4. Suppose -2*x + 3*i = -1, 2*x + 10*i = 11*i + 11. Suppose x*u - 483 = -4*h + 3*u, -4*h - w*u = -493. List the prime factors of h.
127
Let t = 8728 - 3438. What are the prime factors of t?
2, 5, 23
Let f(v) = -v**3 - 26*v**2 - 181*v + 45. What are the prime factors of f(-29)?
7817
Suppose 29 = -5*a + 9. Let h be 29080/(-260) + a/26. Let w = h + 157. What are the prime factors of w?
3, 5
Let a = -94 + 93. Let j be (387/18)/(a/(-2)). Suppose -232 = -v - j. List the prime factors of v.
3, 7
Let k be (-4)/56 + (-110)/28. List the prime factors of k/18 - 6050/(-9).
2, 3, 7
Let y be -3 - 0 - 546/(-7). Let t = y - 39. Suppose 3*o = 45 + t. List the prime factors of o.
3
Let h(k) be the third derivative of 0 + 49/60*k**5 - 39*k**2 + 0*k + 1/24*k**4 - 5/6*k**3. List the prime factors of h(2).
193
Let h(p) = 15*p**2 + 8*p + 918. List the prime factors of h(-39).
3, 37, 211
Suppose 22 = -s + 47. Suppose s = 5*f, -6*t + t = -f + 705. What are the prime factors of (t/(-6))/((-50)/(-75))?
5, 7
Suppose -8 = -2*m - 0, 0 = 3*o - m + 307. Let d = o + 332. List the prime factors of d.
3, 7, 11
Suppose 4*j + 2*a - a - 2 = 0, 0 = 2*j - 3*a + 6. Suppose -12 = -d + 2*p - 68, -3*d + 5*p - 164 = j. What are the prime factors of (d/10)/((-2)/25 - 0)?
2, 3, 5
Suppose -4*r - 125 = 5*w - 8*w, -3*r + 106 = 2*w. Let n = w + -31. Suppose n*t - 9*t - 1729 = 0. List the prime factors of t.
13, 19
Let a = 59 + 249. Suppose -3*q - 88 - a = 0. List the prime factors of (-6312)/q + 2/11.
2, 3
Let v(m) = 18*m - 84. Let x be v(-10). Let g = 364 - x. List the prime factors of g.
2, 157
Let b(y) be the second derivative of y**5/10 + y**3/6 + 3*y**2/2 - 36*y - 1. What are the prime factors of b(6)?
3, 7
Suppose 8*m - 278 = 186. Let n = m - -114. What are the prime factors of n?
2, 43
Let n = -398 - -4. Let m = n + 523. List the prime factors of m.
3, 43
Suppose 341*r - 26*r + 4039746 - 24833526 = 0. What are the prime factors of r?
2, 3, 5501
Suppose 59945*v - 59922*v - 305556 = 457561. List the prime factors of v.
33179
Suppose 3*r - 47352 = m, -3*m - 17784 = -r - 2000. What are the prime factors of r?
2, 1973
Suppose -b - 3*j = -5*b - 6*j + 67848, 0 = 2*j. What are the prime factors of b?
2, 3, 11, 257
Suppose -4*j - 31 = 5*r, 43 = -4*r - 3*j + 19. Let m be (r/(-3))/((-1)/(-2)). Suppose -2*g - 97 = -2*a - 23, -4*a = m*g - 142. List the prime factors of a.
2, 3
Let a(z) = 46051*z**3 + 2*z**2 - 8*z + 6. What are the prime factors of a(1)?
46051
Suppose -16*z + z = -517864 + 173209. What are the prime factors of z?
3, 23, 37
Let f be 21/((-63)/(-12)) + (-380 - 0). Let c = -367 - f. List the prime factors of c.
3
Suppose 18 = -5*m - 22. Let f(p) = p**3 + 9*p**2 - 15*p - 5. Let d be f(-10). What are the prime factors of -36*(d/(-36))/((-6)/m)?
2, 3, 5
Let t be (21/(-9))/(-1) - 2/(-3). Suppose -t*p + 4467 = l - 667, -5*p + 8545 = 4*l. List the prime factors of p.
3, 571
List the prime factors of (-8 + (-22 - -36))*(-7314)/(-2) + 5.
17, 1291
Let u(k) = k**3 - 5*k**2 + 8*k - 21. Let x be u(3). What are the prime factors of (x - -14) + -874*2/(-4)?
2, 109
Let i = 23677 - 16542. What are the prime factors of i?
5, 1427
Let d(y) be the third derivative of y**5/12 - 13*y**4/24 + 3*y**3 - 119*y**2 + 1. What are the prime factors of d(-12)?
2, 3, 149
Let r = -3 - -8. Let j be 462/198 + (-8)/6. What are the prime factors of j/(r/10) + 18?
2, 5
Let p(v) = -15*v - 14. Suppose -5*o - 13 = 3*q, 4*o - 1 = q - 25. Let d be -1*14/q + 3/(-6). What are the prime factors of p(d)?
2, 23
Let u be 2 + 0 + 80/(-12)*15. Let r = 164 + u. Suppose j - 71 - r = 0. What are the prime factors of j?
137
Suppose -62300 - 95858 = -14*h. List the prime factors of h.
11, 13, 79
Let l(j) = 26*j**2 - 15*j + 8. Let w be 2 - (2/2)/(1/(-4)). Let a be l(w). Suppose 5*v - a = -2*p, 0*v + 162 = v - 4*p. What are the prime factors of v?
2, 5, 17
Suppose 4*x + 2615 = 18523. List the prime factors of x.
41, 97
Let p = 3010 + -1630. Let m = -723 + p. List the prime factors of m.
3, 73
Suppose -6 = -12*n + 10*n, -3*n + 149424 = -5*z. List the prime factors of z/(-35) + (-8)/(-40).
2, 7, 61
Let c = -1296 + 1301. Let h be -1*(1 - (-1 - -519)). Suppose -c*t + h + 778 = 0. List the prime factors of t.
7, 37
Suppose 2*r + 172 = 2*j, 0*j + 66 = j - 5*r. Suppose -2*f + 0*k = 3*k + 43, 2*f + 55 = k. Let x = j + f. What are the prime factors of x?
5, 13
Suppose 0 = -s - 3*s - 3*u + 1958, 5*s - 4*u = 2432. Let i = s + -334. Let b = -37 + i. List the prime factors of b.
3, 13
Let x(n) = -3*n + 3. Let w be x(-6). Let v(d) = -8*d + 61. Let j be v(w). Let f = 360 + j. What are the prime factors of f?
11, 23
Let h be 1/(2 - 4)*(-1 - 395). Suppose -8*q + 1184 = -4*q. Let z = q - h. What are the prime factors of z?
2, 7
Let s(m) be the third derivative of -17*m**2 + 0 + 0*m + 1/6*m**4 - 5*m**3. What are the prime factors of s(14)?
2, 13
Let b(x) = 10*x**2 - 63*x + 513. What are the prime factors of b(11)?
2, 5, 103
Let q = -20743 + 103241. List the prime factors of q.
2, 13, 19, 167
Suppose -5*b - 4*i = -44 + 3, 5*b - 29 = -i. Suppose 7 - b = -f, -2*f + 815 = c. List the prime factors of c.
3, 7, 13
Suppose -k - 21347 = -2*s, -s + 10696 = 49*k - 54*k. List the prime factors of s.
3, 3557
Let j(d) = 7253*d**2 + 93*d + 171. List the prime factors of j(-2).
107, 271
Suppose 249 = -25*p + 28*p. Suppose p*z - 975 = 70*z. What are the prime factors of z?
3, 5
Suppose -406*q = -426*q + 293640. What are the prime factors of q?
2, 3, 2447
Suppose 0 = i + 104 - 32. Let r = i - -56. What are the prime factors of (-2)/r + (-6312)/(-192)?
3, 11
Suppose -69*o = -11*o - 1581404 + 463512. List the prime factors of o.
2, 23, 419
List the prime factors of 8 + -244482*(-20)/120.
3, 5, 11, 13, 19
Let r(x) = -x**2 + 14*x + 22. Suppose -8 = -2*a + 2*t, 5*a = -3*t + 4*t + 20. Suppose 4*b = -4, -a*f + 7*b = 3*b - 48. What are the prime factors of r(f)?
5, 11
Suppo